23?
12323
In base 11, what is -480 + -2?
-482
In base 5, what is -12 - 2212?
-2224
In base 8, what is 43705 - -4?
43711
In base 15, what is 4 + -3a?
-36
In base 13, what is 1081 - 5?
1079
In base 3, what is 22210 - 1001?
21202
In base 15, what is -ca - -26?
-a4
In base 10, what is -13 - 247?
-260
In base 6, what is 10002 - 1?
10001
In base 6, what is -3 + 45402?
45355
In base 13, what is 4 + 83?
87
In base 13, what is c4 - 0?
c4
In base 11, what is a + -2249?
-223a
In base 15, what is 7 + -11c?
-115
In base 9, what is -11 + 162?
151
In base 11, what is -4 + -4aa?
-503
In base 5, what is 104 - 0?
104
In base 13, what is 57 - -5?
5c
In base 12, what is 182 + 6?
188
In base 4, what is 3222 + 0?
3222
In base 12, what is 25 + -7?
1a
In base 14, what is 5 - -d3?
d8
In base 7, what is 533 - 2?
531
In base 16, what is -5 + -14?
-19
In base 4, what is 22 - -230?
312
In base 12, what is -5 + -22a?
-233
In base 15, what is 1c + 3?
20
In base 3, what is 12 + 11021?
11110
In base 12, what is -b16 + -1?
-b17
In base 3, what is 11 + 110012?
110100
In base 8, what is 64 + 16?
102
In base 11, what is 1 + -435?
-434
In base 7, what is 1 - -236?
240
In base 8, what is -24 - 675?
-721
In base 11, what is -a0 - 2?
-a2
In base 16, what is 5 + -1e?
-19
In base 2, what is -10 + 100000?
11110
In base 5, what is -100 + 201?
101
In base 8, what is -6 + -1234?
-1242
In base 11, what is 34 - 8?
27
In base 6, what is -223 - -5?
-214
In base 11, what is 1a - -117?
136
In base 12, what is -4 + 135?
131
In base 15, what is -18 + 41?
28
In base 9, what is 5 - 451?
-445
In base 10, what is -2370 - -4?
-2366
In base 2, what is 1000011110 - -111?
1000100101
In base 12, what is -3 - 7a0?
-7a3
In base 9, what is 1 - -247?
248
In base 14, what is 8 + 66?
70
In base 16, what is 3a + -5?
35
In base 14, what is -16 + 84?
6c
In base 11, what is -3 - -3a?
37
In base 4, what is 113 - 102?
11
In base 11, what is 0 + 822?
822
In base 14, what is 35 + -5?
30
In base 16, what is 0 + -1dcb?
-1dcb
In base 8, what is 36146 + -4?
36142
In base 4, what is 10 - -101033?
101103
In base 12, what is -6 + 64?
5a
In base 13, what is 11 + 14?
25
In base 10, what is -34 + -27?
-61
In base 15, what is -dbd - -5?
-db8
In base 6, what is -30033 + -5?
-30042
In base 14, what is -17 + bd?
a6
In base 7, what is -2 + 11314?
11312
In base 13, what is -2 + 76?
74
In base 12, what is -11 - 1?
-12
In base 10, what is -61 - -25?
-36
In base 2, what is -10001001101 - 100?
-10001010001
In base 8, what is -5 - 70?
-75
In base 12, what is -12b - -1?
-12a
In base 10, what is 413 + -3?
410
In base 9, what is -18 - -45?
26
In base 11, what is -3 + 2269?
2266
In base 7, what is -6 + -5?
-14
In base 7, what is -15604 - -3?
-15601
In base 12, what is -9 - 59?
-66
In base 16, what is 179 + 1?
17a
In base 10, what is -73 + -54?
-127
In base 8, what is 20 + 27?
47
In base 5, what is -1 + -3232?
-3233
In base 12, what is -5b - -11?
-4a
In base 4, what is 330 + -3?
321
In base 8, what is -5344 - -2?
-5342
In base 9, what is -5 + 313?
307
In base 10, what is 14 - -262?
276
In base 7, what is 1411 + -5?
1403
In base 16, what is 19d - 35?
168
In base 5, what is -3 - -111?
103
In base 7, what is 0 + -1?
-1
In base 2, what is 10100110 + 10?
10101000
In base 11, what is 0 + 113a?
113a
In base 7, what is -30 - -433?
403
In base 15, what is -1571 - 4?
-1575
In base 3, what is 12 - -11120111?
11120200
In base 8, what is -572 + 0?
-572
In base 7, what is 460 + 3?
463
In base 3, what is 20100011 - 10?
20100001
In base 8, what is 0 + 3?
3
In base 8, what is 3 - 51?
-46
In base 13, what is -5 - 45?
-4a
In base 13, what is -478 - 3?
-47b
In base 10, what is 3 + 150?
153
In base 3, what is -1220 + 10?
-1210
In base 3, what is -120 + 2?
-111
In base 6, what is -5 - 33433?
-33442
In base 5, what is -10 + -143?
-203
In base 2, what is -1000000 - -1000010?
10
In base 4, what is -1233 - -12?
-1221
In base 5, what is 0 - -34403?
34403
In base 13, what is 3 + -b?
-8
In base 15, what is 3 - 6d0?
-6cc
In base 5, what is 10 + 1403?
1413
In base 3, what is -10 - -2101?
2021
In base 7, what is 503 - -3?
506
In base 7, what is 2543 + -2?
2541
In base 15, what is -1 + ec?
eb
In base 8, what is 4 + -7566?
-7562
In base 6, what is 0 - 2451?
-2451
In base 13, what is 0 - -16b?
16b
In base 13, what is -5 + 80?
78
In base 9, what is -1 - 3?
-4
In base 15, what is -44b + 0?
-44b
In base 16, what is -2 - e8?
-ea
In base 10, what is -1022 - -4?
-1018
In base 16, what is 2 + 2?
4
In base 4, what is 10 + -110031?
-110021
In base 3, what is -100000221 - 1?
-100000222
In base 5, what is -2 - -201231?
201224
In base 9, what is 0 - 307?
-307
In base 12, what is -b - -12?
3
In base 7, what is 5044 - -1?
5045
In base 14, what is 1 + 6?
7
In base 7, what is 2023 - 1?
2022
In base 12, what is -11 + 73?
62
In base 4, what is 11 - 1130?
-1113
In base 3, what is 12200 + 11?
12211
In base 14, what is a + 7?
13
In base 2, what is 1 + -1101100?
-1101011
In base 15, what is 4bb - -5?
4c1
In base 2, what is -1101011101 + 0?
-1101011101
In base 5, what is -10 - -114?
104
In base 6, what is 11140 - 1?
11135
In base 8, what is -3064 + 1?
-3063
In base 4, what is 0 + -212131?
-212131
In base 15, what is 10 - 235?
-225
In base 2, what is 10 + -10000001110?
-10000001100
In base 4, what is 10121 - -1?
10122
In base 3, what is 1 + 1102011?
1102012
In base 16, what is -1d2 - 4?
-1d6
In base 14, what is -1 + -a5?
-a6
In base 6, what is 4 - -10434?
10442
In base 11, what is -2 + 401?
3aa
In base 6, what is 2 + -22113?
-22111
In base 12, what is 2 - -847?
849
In base 9, what is 71 - 65?
5
In base 12, what is 6 + -65?
-5b
In base 9, what is 4 + 363?
367
In base 7, what is -431 + 3?
-425
In base 10, what is -66 - 55?
-121
In base 14, what is 97 + -1a?
7b
In base 16, what is 4d6 + 4?
4da
In base 4, what is -12 - 1100?
-1112
In base 16, what is -1 - 46?
-47
In base 7, what is 1663 + 4?
2000
In base 11, what is -10188 - -4?
-10184
In base 16, what is -20 - 1d?
-3d
In base 11, what is -6465 - 2?
-6467
In base 15, what is 1c6 - 4?
1c2
In base 9, what is -7 + -62?
-70
In base 14, what is -11c - -3?
-119
In base 5, what is -4 + -122?
-131
In base 13, what is 4 + -81b?
-817
In base 5, what is 20143 + 4?
20202
In base 13, what is -3 - 74?
-77
In base 2, what is 110100 + 101000?
1011100
In base 4, what is 30 - -32033?
32123
In base 16, what is -2 + -a0?
-a2
In base 6, what is 101 - -5?
110
In base 13, what is 4 - -1663?
1667
In base 16, what is -40 - 5?
-45
In base 6, what is -10 + 222?
212
In base 13, what is 199b - -1?
199c
In base 12, what is 5 - 267?
-262
In base 9, what is -1685 + -3?
-1688
In base 16, what is 44 - f?
35
In base 3, what is 10120 - -12121?
100011
In base 13, what is -7 - 189?
-193
In base 5, what is 13033 + 0?
13033
In base 14, what is -5 - 812?
-817
In base 16, what is -1f + 4?
-1b
In base 3, what is 201120 - 10?
201110
In base 5, what is -100 + -23?
-123
In base 16, what is -7 + 22e?
227
In base 13, what is 210 + -5?
208
In base 7, what is 2 - 2542?
-2540
In base 8, what is 34 - -16?
52
In base 11, what is -4 + 5?
1
In base 12, what is 3772 + 2?
3774
In base 5, what is 104 + 12?
121
In base 3, what is -112200 + -12?
-112212
In base 4, what is 3333 - -3?
10002
In base 3, what is 12 - -12?
101
In base 15, what is 3 + -db?
-d8
In base 8, what is 0 + 1462?
1462
In base 3, what is 1110 - -1022?
2202
In base 14, what is -1430 - 0?
-1430
In base 13, what is a2 - -9?
ab
In base 9, what is -1718 + 2?
-1716
In base 7, what is -12 - -65?
53
In base 13, what is -1b3 - -26?
-18a
In base 9, what is -156 + 6?
-150
In base 7, what is 4 - -13403?
13410
In base 14, what is -18d1 - 0?
-18d1
In base 12, what is 0 - -24b?
24b
In base 4, what is -321 - 2?
-323
In base 3, what is 0 - -122201?
122201
In base 7, what is -4210 - 1?
-4211
In base 9, what is 5 + 25?
31
In base 9, what is 257 + 38?
306
In base 12, what is 13 - -73?
86
In base 4, what is -2000223 + 1?
-2000222
In base 16, what is -f + -14?
-23
In base 4, what is -110222 - 1?
-110223
In base 13, what is 19 - 86?
-6a
In base 13, what is 61 + -98?
-37
In base 7, what is -303 + -4?
-310
In base 2, what is 10 + -101010001?
-101001111
In base 14, what is d - 1?
c
In base 6, what is -4 - 101252?
-101300
In base 15, what is -20 - -66?
46
In base 6, wha